. Suppose 2*b + 3*f + 933 = 259, -2*b - 674 = -3*f. Let c = b + i. Is c prime?
True
Suppose -346*x + 347*x = 326. Suppose 27*h - 26*h = x. Is h composite?
True
Let m(t) be the second derivative of -827*t**3/6 + 90*t**2 - 40*t + 3. Is m(-7) prime?
False
Let i(m) = 2*m**2 + m - 28. Let b be i(-4). Let q(n) = 24*n + 1589. Is q(b) a composite number?
True
Let u(t) = -12*t - 127. Let v be u(-11). Suppose -36820 = -5*f + a, 0 = 2*f - v*a + 7*a - 14716. Is f prime?
False
Let i = 8943 - 14306. Let h = -17743 + 26693. Let b = h + i. Is b composite?
True
Let b(z) = 261*z + 17. Suppose i - 4*m - 26 = -9*m, -2*m = 3*i - 52. Suppose -4*a = -0*a - i. Is b(a) a composite number?
False
Suppose 4*r + 3*q = 133457, -r + q + 12187 = -21186. Suppose -3*t + 38725 + r = 0. Is t composite?
True
Let g = 94 + -78. Let n be (g/12)/(((-4)/3477)/(-2)). Is (-1 + n/4)*2 a prime number?
False
Let w be (-1)/((-14)/63*6/4). Suppose -5*n - w*f = -153031, 2*n = 5*f + 69632 - 8432. Is n a composite number?
True
Let t(h) = 3*h + 89. Let z be t(-29). Let k(g) = 525*g**2 - 1. Is k(z) a composite number?
False
Let j(c) = c**2 + 3*c - 5. Let g = -13 - -4. Let x be j(g). Let u = x + 46. Is u prime?
False
Let o(r) = -47*r - 4 - 131*r**3 + 10 - 5*r**2 + 50*r. Is o(-3) a prime number?
False
Let v = -475 - -1229. Suppose -757*r + 16893 = -v*r. Is r a composite number?
True
Let z = -5508 + 11649. Suppose 3*p = -4*i + z, 0 = -5*p + i + 6293 + 3942. Is p a composite number?
True
Is (19010856/60)/((-54)/(-135)) composite?
False
Suppose -68*o + 20693884 = -56203576. Is o a prime number?
False
Suppose 0 = -98*a + 271*a - 2916953. Is a a prime number?
False
Let z(x) = 4*x + 4. Let v(c) = c**3 - 11*c**2 + 19*c - 10. Let l be v(9). Let t be z(l). Suppose 15*m - 10*m - 2585 = t. Is m a prime number?
False
Suppose -7*c + 5647 = -926. Suppose c = 2*f - 1615. Is f a prime number?
True
Let p = 31217 + -14721. Suppose -p = -12*j - 4*j. Is j composite?
False
Suppose -6*c = -237111 + 30524 - 55739. Is c composite?
False
Is 5 - (6 + 8 + -90230) prime?
False
Let h = 58 + 7. Let i be 26/h + 1762926/(-15). Is 1/(-7) + i/(-84) a composite number?
False
Suppose 54*u + 2 = 56*u, -2*y - 3*u = -143269. Is y a composite number?
False
Let x = -382 - -391. Suppose -4*n - 7 = x, 0 = c - 3*n - 5139. Is c a prime number?
False
Suppose -5*v = 4*g - 15013, 8349 = 3*v + 2*g - 658. Suppose -3*u - y + 3009 = -2*u, -5*y + v = u. Is u composite?
False
Let s(k) = -4*k + 43. Let m be s(9). Suppose 5*b = -5*w - 15, 8 = -2*w - 5*b - m. Suppose 15453 = 5*h + 4*c - 4488, w = -5*h - 3*c + 19942. Is h prime?
True
Let j(p) be the third derivative of 7*p**5/10 - 5*p**4/24 + p**3/6 - 13*p**2. Is j(-8) prime?
True
Let i(p) = 7*p**2 + 6*p + 72. Let k be i(-31). Suppose -3517 = -2*t + k. Is t a prime number?
False
Suppose -9*a + 1445 = -508. Suppose 3*q + 1288 = -4*q. Let o = a - q. Is o prime?
True
Let u = 26 + -26. Let k be (1734 + -4 + (u - -3))*9. Suppose k = 6*t + 3*t. Is t composite?
False
Let v(u) = 9*u - 16. Let i be v(2). Is 9168/1 + i - (-14 - -11) a prime number?
True
Let u(s) be the third derivative of -s**4/8 + 11*s**3/3 - 23*s**2. Let m be u(7). Is m/((-70100)/(-17524) - 4) a prime number?
False
Let s be ((0 - -1) + -2)*(-5 - -10). Let a = s - -11. Suppose a*i - 638 = 4*i. Is i prime?
False
Let t(x) be the third derivative of x**5/60 + x**4/4 - x**3/3 + 8*x**2. Let a be t(-6). Is ((-4)/6)/(a/1719) a composite number?
True
Suppose -2*u - 3070 = -4*s - s, s - 601 = 3*u. Let p = s - -291. Is p prime?
True
Let b = 35812 + -17141. Suppose -5*r + 44634 + b = 0. Is r composite?
True
Let f(h) = -1094*h + 43. Is f(-12) composite?
False
Is (10/6)/((-50)/(-101929440)*16) composite?
False
Let j(n) = -92*n**3 - 5*n**2 - 6*n - 2. Let t be j(-3). Let w be (0 + 1)*(-4 - -4). Suppose w = -3*v + 3, 4*m + v - t = 2*v. Is m composite?
True
Suppose -7*l = 17*l - 32088. Let k = 3372 + l. Is k prime?
False
Let k(r) = 1259*r**3 + 8*r**2 - 7*r + 3. Let i(h) = 1259*h**3 + 7*h**2 - 6*h + 2. Let y(o) = -6*i(o) + 5*k(o). Is y(-1) composite?
False
Let h = -209 + 211. Is -1*h/(12/(-8166)) a prime number?
True
Let i be 3 - 1 - (-7 + 7). Let v be (i + 3 + -6)/((-2)/(-2222)). Let a = 1610 + v. Is a a composite number?
False
Suppose 23*g - 19*g + 9007 = 363363. Is g a prime number?
True
Suppose -48680 = 3*s - 242624. Suppose 0 = 113*j - 121*j + s. Is j prime?
True
Is ((-2)/3*2437731/12)/(50/(-100)) composite?
False
Suppose 320237 = 5*l + a - 246397, l + 4*a - 113323 = 0. Is l a composite number?
False
Let m be (-20)/(-16) - (-3)/4. Suppose -m*q = -845 - 765. Suppose -c = 176 - q. Is c a composite number?
True
Let a = 27277 - 17178. Is a a prime number?
True
Let t(r) = -164*r + 11. Let w be t(-7). Let l = w - 693. Is l composite?
True
Suppose -2506 = 3*k + 2*m, -m = 5*k + 324 + 3862. Let x = 1715 + k. Is x a prime number?
True
Let w = 2152 + -6685. Is w/(-3) + (-1 - -4) + -3 composite?
False
Let a = -5657 - -51035. Suppose h + 5*d = 13243, 4*h + 2*d - 7522 - a = 0. Suppose 9*l - h = 2*l. Is l a composite number?
False
Let t = 12482 - 5694. Suppose -17*r + 12*r - 3*y = -33964, -r + y = -t. Is r a composite number?
False
Suppose -28*y - 280 = -48*y. Suppose s + q = 3830, -q + 11 = y. Is s composite?
False
Let n be 1/(1/27) + (5 - 4). Let t be (870/(-20))/((-1)/n). Let x = 1851 - t. Is x a composite number?
True
Suppose -13*v - 7069 = 43501. Is ((-8)/20)/(2 + 7784/v) composite?
False
Suppose 2*i + 5 = 3. Is ((-110)/(-20) - 5)/(i/(-18454)) prime?
True
Let m be ((-8)/(-12)*-1)/(2/(-6)). Suppose a - 6 = -m*a. Suppose 9*f - a*f - 7077 = 0. Is f prime?
False
Let s = 7574 + 6915. Suppose -p - 5*c + 69 = -2833, -5*p - 4*c = -s. Is p prime?
True
Let f be (5 - 2)/(91/(-112) + 1). Is f/(-12) + 76622/42 a prime number?
True
Is (-6)/3*((-255663285)/30)/23 prime?
True
Let s(c) = -c**2 + 3*c + 6. Let r be s(4). Let o be ((-332)/(-8))/(1/r). Let x = o - -94. Is x a prime number?
False
Let b be (-1 - (-46)/4)/((-2)/24). Let i = b + 259. Let l = i + 166. Is l a prime number?
False
Suppose 13*f - 3106500 = 2315657. Is f composite?
False
Let p = -159612 - -253781. Is p prime?
True
Let a(t) = 1119*t**2 - 9*t - 20. Let b be a(-2). Suppose -x = -3*x + b. Is x prime?
True
Let h(m) = 383*m**2 - 30*m - 20. Let v(n) = 128*n**2 - 10*n - 7. Let k(o) = 6*h(o) - 17*v(o). Let d = -212 - -208. Is k(d) a prime number?
False
Let p(z) = 51*z + 29. Suppose 4*x - m = 2*x - 24, 3*x + m + 26 = 0. Let b be p(x). Let i = 820 + b. Is i a composite number?
True
Let d(v) = v**3 + 5*v**2 - 14*v + 2. Let x be d(-7). Suppose 0 = x*g - 6*g + t + 1484, 3*t = 3*g - 1113. Is g a prime number?
False
Let w(b) = -14*b**3 - 5*b**2 - 4*b - 1. Let g be w(-4). Let p = g + 1085. Suppose -134*k - p = -136*k. Is k prime?
False
Let m(v) = -452*v - 115. Let w be m(-6). Let a(j) = 219*j**2 + 2. Let u be a(2). Suppose -w = -9*k - u. Is k prime?
True
Suppose 21*z - 139 = -55. Suppose 0 = -5*m - 3*d + 73483, 12377 = m + z*d - 2306. Is m composite?
False
Let x be 1749/(-22)*4/(-6). Let h(d) = -20*d + x + 0*d**2 + 2*d**2 + 2*d**2 - 23. Is h(13) a prime number?
False
Let t be 11904/(-48) - (-18)/2. Let d(n) = n + 2. Let l be d(-4). Is l + t/(-5) + 11/55 prime?
False
Suppose 42757847 = -436*a + 455*a. Is a a prime number?
False
Let a be -15*((-22)/55)/((-12)/(-10)). Suppose -a*o + 2174 = 2*d, -4*o = -3*d - 5*o + 3261. Is d prime?
True
Suppose 278*m - 335*m + 27303 = 0. Is m a prime number?
True
Let u be ((-2 - 0) + 2)/((-4)/2). Let k = -3 + 8. Suppose u = g + 5*p - 392, -k*g + 2*p - 4*p + 2029 = 0. Is g a prime number?
False
Let s = -167 + 162. Is (-5 + (-2420)/s)*(-2)/(-1) a prime number?
False
Let w = -266567 + 531166. Is w prime?
True
Let h = 171 + -170. Let b(w) = 308*w + 3. Is b(h) prime?
True
Is 9/(-7*(-21)/717017) + -4 composite?
True
Let c = 73 + -58. Suppose -3*h - c = -4*f, 5*f + 2*h = 4 + 9. Is ((-38908)/24 + f/18)/(-1) a prime number?
True
Suppose -7*g + 14555 = -85524. Suppose -i + g + 4950 = 0. Is i a composite number?
True
Let s = -161668 - -616368. Suppose -40*n + s = 10*n. Is n prime?
False
Suppose 25*m = 20*m + 10075. Let c = m - 1131. Suppose -c - 401 = -5*q. Is q composite?
False
Let y(t) = -t**3 + 6*t**2 - 4*t + 1. Let o be y(5). Suppose -28 = o*f - 10. Is ((f - -1)/8)/((-2)/3352) a composite number?
False
Su